the remainder when 36911 is divided by 7264?
591
What is the remainder when 3738503 is divided by 747699?
8
Calculate the remainder when 93778364 is divided by 23444590.
4
Calculate the remainder when 741969 is divided by 1855.
1824
Calculate the remainder when 112344 is divided by 1792.
1240
Calculate the remainder when 283828 is divided by 14309.
11957
What is the remainder when 8389933 is divided by 7264?
13
Calculate the remainder when 107734702 is divided by 3113.
3111
Calculate the remainder when 378216 is divided by 7882.
7762
Calculate the remainder when 4549760 is divided by 2274869.
22
What is the remainder when 156237 is divided by 2409?
2061
Calculate the remainder when 27117067 is divided by 2441.
2439
What is the remainder when 5014102 is divided by 521?
519
What is the remainder when 309274 is divided by 10?
4
What is the remainder when 1231017 is divided by 320?
297
What is the remainder when 2361813 is divided by 58?
53
What is the remainder when 676032 is divided by 128?
64
What is the remainder when 590134 is divided by 147463?
282
Calculate the remainder when 7184855 is divided by 100.
55
What is the remainder when 387386 is divided by 230?
66
Calculate the remainder when 287956 is divided by 609.
508
What is the remainder when 8027665 is divided by 69?
67
Calculate the remainder when 2421720 is divided by 3609.
81
Calculate the remainder when 25208 is divided by 24591.
617
Calculate the remainder when 51353 is divided by 4319.
3844
Calculate the remainder when 201119 is divided by 1678.
1437
Calculate the remainder when 629823798 is divided by 5696.
5686
What is the remainder when 1540691 is divided by 192567?
155
What is the remainder when 8703558 is divided by 1?
0
What is the remainder when 12130669 is divided by 14?
5
Calculate the remainder when 7875393 is divided by 3367.
3347
Calculate the remainder when 10929235 is divided by 53.
52
What is the remainder when 42433709 is divided by 70?
59
What is the remainder when 623134 is divided by 622830?
304
What is the remainder when 30431 is divided by 14437?
1557
What is the remainder when 4000835 is divided by 266722?
5
What is the remainder when 241133 is divided by 60163?
481
Calculate the remainder when 3203697 is divided by 23731.
12
What is the remainder when 6485160 is divided by 1122?
0
What is the remainder when 122358 is divided by 343?
250
Calculate the remainder when 186986 is divided by 93482.
22
Calculate the remainder when 635579 is divided by 132.
131
What is the remainder when 154787 is divided by 84?
59
What is the remainder when 708920 is divided by 979?
124
What is the remainder when 184853 is divided by 190?
173
What is the remainder when 1187206 is divided by 720?
646
Calculate the remainder when 186784 is divided by 2867.
429
Calculate the remainder when 1333875 is divided by 60630.
15
What is the remainder when 582100 is divided by 585?
25
Calculate the remainder when 25751305 is divided by 127.
23
Calculate the remainder when 23720975 is divided by 783.
773
What is the remainder when 1317596 is divided by 9?
5
What is the remainder when 610667 is divided by 1101?
713
What is the remainder when 7830131 is divided by 621?
563
What is the remainder when 13435198 is divided by 208?
62
Calculate the remainder when 2715099 is divided by 147.
9
Calculate the remainder when 30971986 is divided by 68674.
12
What is the remainder when 1707157 is divided by 52?
49
What is the remainder when 101523 is divided by 1141?
1115
Calculate the remainder when 1213647 is divided by 202273.
9
Calculate the remainder when 584659 is divided by 720.
19
Calculate the remainder when 609771 is divided by 128.
107
What is the remainder when 72742356 is divided by 166?
160
Calculate the remainder when 6108083 is divided by 3054038.
7
What is the remainder when 2587181 is divided by 257?
219
Calculate the remainder when 2952101 is divided by 737983.
169
What is the remainder when 216020 is divided by 1421?
28
Calculate the remainder when 2939849 is divided by 587967.
14
Calculate the remainder when 5200345 is divided by 1613.
33
Calculate the remainder when 214669 is divided by 9901.
6748
What is the remainder when 238464 is divided by 9904?
768
Calculate the remainder when 677001 is divided by 137.
84
Calculate the remainder when 36019150 is divided by 22.
2
Calculate the remainder when 7620469 is divided by 1430.
1429
Calculate the remainder when 297943 is divided by 1003.
52
What is the remainder when 22155878 is divided by 14?
10
Calculate the remainder when 72297 is divided by 13449.
5052
Calculate the remainder when 7207315 is divided by 480473.
220
What is the remainder when 451971 is divided by 90394?
1
What is the remainder when 32863175 is divided by 136?
135
Calculate the remainder when 2648126 is divided by 1324058.
10
Calculate the remainder when 19719372 is divided by 14.
8
Calculate the remainder when 1561801 is divided by 2308.
1593
What is the remainder when 5177513 is divided by 54?
47
What is the remainder when 10974994 is divided by 21?
16
Calculate the remainder when 551225 is divided by 551220.
5
What is the remainder when 695502 is divided by 428?
2
Calculate the remainder when 310942 is divided by 4501.
373
Calculate the remainder when 36315 is divided by 36086.
229
Calculate the remainder when 30606082 is divided by 92.
74
Calculate the remainder when 1258075 is divided by 14.
7
Calculate the remainder when 37748 is divided by 9434.
12
Calculate the remainder when 74670 is divided by 419.
88
Calculate the remainder when 3959375 is divided by 359943.
2
Calculate the remainder when 583319 is divided by 279.
209
What is the remainder when 58334 is divided by 2430?
14
Calculate the remainder when 71720 is divided by 8954.
88
Calculate the remainder when 31864794 is divided by 183131.
0
Calculate the remainder when 27553447 is divided by 1722090.
7
Calculate the remainder when 536784622 is divided by 12.
10
What is the remainder when 35238 is divided by 34694?
544
Calculate the remainder when 14902808 is divided by 1862818.
264
Calculate the remainder when 6068396 is divided by 2022779.
59
Calculate the remainder when 3054716 is divided by 480.
476
Calculate the remainder when 4787725 is divided by 58.
57
What is the remainder when 262706 is divided by 951?
230
What is the remainder when 2062254 is divided by 71108?
122
Calculate the remainder when 192715 is divided by 82.
15
What is the remainder when 2534894 is divided by 47?
43
What is the remainder when 82950061 is divided by 49?
19
Calculate the remainder when 1261339 is divided by 837.
817
What is the remainder when 160549 is divided by 3275?
74
Calculate the remainder when 596560 is divided by 74553.
136
Calculate the remainder when 128359944 is divided by 1573.
1571
What is the remainder when 774470 is divided by 387233?
4
What is the remainder when 9930744 is divided by 103?
102
Calculate the remainder when 14719 is divided by 14258.
461
Calculate the remainder when 1246566 is divided by 6328.
6278
Calculate the remainder when 22447 is divided by 1313.
126
Calculate the remainder when 9661 is divided by 932.
341
What is the remainder when 803616 is divided by 401808?
0
What is the remainder when 53549 is divided by 42?
41
What is the remainder when 782294 is divided by 55878?
2
What is the remainder when 2433297 is divided by 60830?
97
Calculate the remainder when 44940387 is divided by 365369.
0
Calculate the remainder when 26082 is divided by 2226.
1596
Calculate the remainder when 792210 is divided by 90.
30
Calculate the remainder when 17021798 is divided by 42.
38
What is the remainder when 350876 is divided by 2279?
2189
What is the remainder when 4996311 is divided by 231?
12
What is the remainder when 858261 is divided by 2163?
1713
What is the remainder when 21059 is divided by 5035?
919
Calculate the remainder when 19779 is divided by 475.
304
What is the remainder when 663821 is divided by 75?
71
Calculate the remainder when 22555 is divided by 1342.
1083
What is the remainder when 538522 is divided by 44?
6
Calculate the remainder when 14325096 is divided by 3581270.
16
What is the remainder when 1389850 is divided by 126294?
616
What is the remainder when 1660884 is divided by 12775